 = y + 846. What is the highest common divisor of 324 and i?
54
Suppose 0 = t + 2*m - 70, -7*t + 11*t - 289 = m. Suppose -14*w + 20*w = t. Suppose 0*h = 2*h - 12. What is the greatest common factor of w and h?
6
Let k(r) = -7*r - 25. Let n = -84 + 95. Let m(j) = -6*j + 59. Let b be m(n). Let u be k(b). Calculate the highest common divisor of 12 and u.
12
Let a = 114 + -113. Let y be (-1)/(1 - (a + (-5)/(-65))). Suppose -2*h + 3*h = 13. Calculate the greatest common divisor of y and h.
13
Let t(z) = 3*z + 23. Let a be t(-21). Let j = a + 135. What is the highest common divisor of 5 and j?
5
Let r = -16560 - -16682. What is the highest common divisor of r and 12139?
61
Let n(m) = -m**3 + m**2 - m - 6. Let d be n(5). Let c = d + 235. Let x = 316 - c. What is the highest common factor of x and 12?
12
Suppose 13*q + 282 = -82. Let k be (-51)/(-1) - (34 + q). What is the highest common factor of k and 90?
45
Suppose -3772 = -j + 4*h + 10460, 0 = 4*j + 3*h - 56928. Calculate the greatest common factor of j and 24.
24
Suppose 322 = 2*u - 2*k, -274*u + 817 = -269*u - 2*k. What is the greatest common factor of 3333 and u?
33
Suppose -4*s + 271 = 27. Let i = 164 - 85. Let u = i - s. What is the highest common divisor of u and 45?
9
Let m be 55272/705*50/4. Calculate the highest common factor of m and 294.
98
Suppose 508 - 1834 = 6*t. Let p be t/(-26)*6*1. Calculate the greatest common divisor of p and 510.
51
Let b(m) = 2*m + 446. Let d be b(2). Calculate the greatest common factor of d and 54.
18
Suppose 0 = -4*g + d + 80, 5*d - 6 = 14. Let n = -213 - -178. Let x be (55 - 54)/((-1)/n). What is the greatest common factor of x and g?
7
Suppose 1566 = 27*r + 4*r - 5688. What is the greatest common factor of 806 and r?
26
Suppose -27*m + 66 = -5*m. Suppose 4*g = 3*s - 1636, m*s + 15*g = 14*g + 1631. Calculate the greatest common factor of s and 17.
17
Let k = -99 + 153. Let o be 11/(1 - 6/3). Let p = o + k. What is the greatest common factor of 430 and p?
43
Let q = -5268 + 12414. What is the highest common divisor of 27 and q?
9
Let f(d) be the first derivative of -12 + 1/3*d**3 + 26*d + 5*d**2. Let h be f(-7). Calculate the greatest common factor of 45 and h.
5
Let h = -480 + 672. Let g(n) = 18*n - 6. Let d be g(1). What is the greatest common factor of d and h?
12
Let m be 71/284 + (-854044)/16*-1. What is the greatest common factor of 26 and m?
26
Let a be (-2)/10 + 4692/(-15). Let t = 316 + a. Calculate the greatest common divisor of t and 57.
3
Let h(y) = 19*y**3 + 21*y**2 - 147*y + 90. Let x be h(5). Calculate the greatest common divisor of 22 and x.
11
Suppose y - 41 = -0*o - 4*o, 0 = -3*y - 5*o + 95. Suppose 0*q - 5*q = -4*i + 1375, 5 = q. Let v = 575 - i. Calculate the highest common factor of v and y.
25
Let m be 4060/(-3)*((-1040)/1950)/((-1)/(-9)). Calculate the highest common factor of m and 224.
224
Suppose 8*d + 7*d = -2220. Let w = -76 - d. Calculate the highest common factor of 8 and w.
8
Suppose 90 = 2*o - 22. Suppose -3*q - 2*b - 96 = -0*b, 5*q = -3*b - 161. Let x = o + q. Calculate the highest common divisor of x and 66.
22
Let a = -32 - -2. Let c be 366/a + (-2)/(-10). Let k be (0 + 8/(-6))/(2/c). Calculate the greatest common factor of 2 and k.
2
Let f = -1493 + 1507. Calculate the highest common divisor of 586 and f.
2
Suppose 3*c - 13845 = 5*p, -37*p = -38*p + 9. What is the greatest common factor of 10 and c?
10
Let s be -1 + -505 + (-5)/(5/(-4)). Let b = -468 - s. Suppose 4*j = 3*j + 170. What is the highest common factor of j and b?
34
Suppose -3*j + 10*d + 195 = 13*d, 3*d = -j + 67. Calculate the greatest common divisor of j and 10656.
32
Suppose -48 = -3*f + 126. Let s(l) = -l**3 - 7*l**2 - 9*l + 11. Let r be s(-6). What is the highest common divisor of r and f?
29
Suppose 196137 + 152183 = 1555*j. Suppose 3*y - 240 = -0*y. Calculate the highest common divisor of j and y.
16
Suppose 1858 = o + 1326. Calculate the greatest common divisor of o and 42.
14
Let f = -4850 - -5025. What is the highest common divisor of f and 160?
5
Let r = -69687 - -69747. Let d(x) = 5*x**2 - 5. Let q be d(-5). Calculate the greatest common divisor of r and q.
60
Let d(f) = -f**2 + 8. Let w be d(0). Let o(a) = -117*a - 916. Let v be o(-8). Calculate the highest common divisor of w and v.
4
Let w(b) be the second derivative of b**3/3 - 9*b**2/2 + 35*b + 1. Let d be w(9). Let j = -2 + 3. Calculate the greatest common divisor of j and d.
1
Suppose 4*j - 28 = 28. Let v be 4/j + 191/(-7) + 3. Let l = 71 - v. Calculate the highest common factor of l and 19.
19
Suppose -152*o + 51*o + 75952 = 0. Calculate the greatest common divisor of 20 and o.
4
Let r(o) = 6*o**2 - 55*o - 181. Let i be r(-4). Calculate the greatest common divisor of i and 180.
45
Let w be 12/96*8 + 95. Let m = -65 - -101. What is the highest common divisor of m and w?
12
Let g be 2 + 2 + (-2)/((-8)/132). Let u = 673 + -414. What is the highest common factor of u and g?
37
Suppose 123*m + 161*m - 68728 = 0. What is the highest common factor of 2134 and m?
22
Let v = -78 + 156. Let u = 88 - v. Suppose 0 = -5*h + 2*j + 198, -7*j + 2*j = -5. Calculate the greatest common divisor of u and h.
10
Suppose -10 = 4*m - 30, 0 = 5*i + 4*m - 670. Let r = -88 + i. Suppose -3*f - r = -10*f. What is the highest common divisor of f and 8?
2
Suppose -10240 = 12*q - 17*q - 2*d, 0 = -d. Calculate the greatest common divisor of q and 176.
16
Suppose 5*m + 2*a = 1318, -189*m = -186*m + a - 791. Calculate the greatest common factor of 138 and m.
6
Suppose 2*n - 1978 = o, n = -4*o + o + 996. What is the greatest common factor of 22 and n?
22
Let q be (-522)/(-3)*(-42)/(-84). Calculate the greatest common factor of q and 3.
3
Let u be 0 - (-52 + 1) - (-34 - -148)/19. What is the highest common divisor of u and 1185?
15
Let z(f) = -5 - 18*f - 42*f**2 - 46*f + 45*f**2. Let k be z(22). Calculate the highest common factor of 117 and k.
39
Let i be (-2 - 178552/(-33) - -11) + (-1)/(-3). What is the highest common divisor of i and 80?
20
Let p = 118 + 155. Suppose 0 = -3*n + p + 105. Calculate the highest common factor of n and 36.
18
Suppose 6*h - 286 + 106 = 0. Let v = 56 - 46. What is the greatest common divisor of v and h?
10
Let f(h) be the first derivative of -4*h**3 + 87*h + 173. Let s be f(0). Let y be 518/18 + (-4)/(-18). What is the highest common divisor of y and s?
29
Suppose -o + 68 + 2 = 0. Let p be (8/6)/(29/1218). What is the greatest common divisor of p and o?
14
Let u be -6*(-14)/27 + (-6)/54. Calculate the greatest common factor of u and 110.
1
Suppose 3*m = -u + 1334, -22*u + 3*m + 1298 = -21*u. What is the highest common factor of 252 and u?
28
Let g be (-16)/24*1/((-1)/348). Let t(q) = -q**2 - 22*q - 33. Let j be t(-12). What is the highest common divisor of j and g?
29
Suppose 4*j = -0 + 12. Let m(o) = -j*o + 3*o**2 + 3 - 21 + 0. Let x be m(-7). What is the highest common divisor of x and 25?
25
Let w(h) = -h**3 - 8*h**2 - 25*h - 15. Suppose 53*k = 58*k + 30. Let d be w(k). Calculate the highest common divisor of d and 7.
7
Suppose -6*p - 37 = -121. Let m be (-264)/66*(-3)/(24/p). Suppose -4*n + 20 = 0, 3*t - 62 = 4*n + 86. What is the greatest common factor of m and t?
7
Suppose 5*o + 3416 = o. Let t = -394 - o. Let l = 11464 + -11418. Calculate the greatest common factor of l and t.
46
Suppose 0 = -6795*c + 6792*c - 5*y + 589, y + 410 = 2*c. Calculate the highest common factor of 928 and c.
29
Let a(q) = -q**3 + 18*q**2 + 124*q - 116. Let s be a(23). Calculate the greatest common factor of s and 91.
91
Let q(p) = 2*p + 96. Let m be q(-16). Suppose 11*v - 12*v + 24 = 0. Calculate the highest common factor of v and m.
8
Let q be ((32/3)/4)/(3/9). Let m(v) = -9*v**2 + v + 3*v + q*v + 8*v**2. Let u be m(4). What is the highest common factor of u and 4?
4
Suppose 10*l + 91665 = 20*l + 35*l. Calculate the highest common divisor of 97 and l.
97
Let d be 3*5/((-10)/(-96)). Suppose -97*p + 1843 = 2502 - 11135. Calculate the highest common factor of d and p.
36
Let f be (-9 - -29)*(18/(-15) + 276/80). What is the greatest common factor of f and 3495?
15
Let f = -4185 + 15583. Calculate the highest common divisor of 164 and f.
82
Let v(k) = -19*k - 11*k + 1 + 28*k + 33. Let d be v(8). Calculate the gr